55?
11
Let v be 4*1*(-24 + (2362 - 19)). What is the greatest common divisor of v and 36?
12
Let v(z) = z**2 + 12*z - 59. Let a be v(-16). Suppose 0 = -a*j + 1086 - 151. Calculate the highest common factor of j and 17.
17
Let z be (-6)/(-30) + 179/5. Let j(g) = g**3 + 30*g**2 - 159*g - 530. Let f be j(-34). What is the highest common factor of f and z?
36
Suppose -2*k + 15*k - k = 20880. Calculate the greatest common factor of 4 and k.
4
Let b be (-31155)/(-24) - (-7)/(-56). Calculate the highest common factor of 472 and b.
118
Let i be 40/(20/5) - -1173. What is the greatest common factor of i and 91?
91
Let g(k) = 52*k + 224. Let x be g(-3). What is the highest common factor of 646 and x?
34
Suppose z + 5*h + 50 = 3*z, -3*z - 2*h = -94. Suppose 3*k - 798 = 1333*c - 1337*c, -2*k = -2*c - 546. Calculate the greatest common divisor of z and k.
30
Let b be 1 + ((-75)/(-30))/((-1)/2) - -1474. What is the highest common divisor of b and 2?
2
Let q be ((-40)/28)/(22/7 + -3). Let k(o) = -o**3 - 10*o**2 - 9*o - 26. Let t be k(q). Calculate the highest common divisor of t and 4.
4
Let l(u) = 18*u**2 + u - 5. Let a(g) = -g**2 + 11*g - 10. Let j be a(8). Let i = j - 11. Let s be l(i). Calculate the greatest common factor of s and 20.
20
Suppose -5*d + 265 + 60 = q, 2*q - 5*d = 635. Let k = q - 314. Calculate the greatest common divisor of 90 and k.
6
Let r(d) = -9*d + 305 - 357 + d. Let v be r(-12). Calculate the greatest common divisor of 33 and v.
11
Suppose -13 = 2*j - 17. Suppose 0 = -j*b - 2*k + 220, -2*b = -0*k - 5*k - 234. Calculate the highest common factor of 7 and b.
7
Let s be (-1265)/(-25) + 4/10. Suppose -4*v - 48 = -2*q + 4, 2*q - v = 64. Calculate the greatest common factor of s and q.
17
Suppose -3*w + 9*n = 8*n - 72, -2*n = -5*w + 122. What is the highest common divisor of 242 and w?
22
Let j(d) = 32*d + 90. Let r be j(-2). Calculate the highest common divisor of 10413 and r.
13
Let j = -19 - -21. Let w(o) = 15*o + j - 6*o + 9*o - o**2 - 4*o. Let b be w(11). What is the highest common factor of b and 7?
7
Suppose -4*k + 5*k + 20 = 4*w, 2*w - 10 = -4*k. Calculate the greatest common factor of 24 and w.
1
Let j = 9973 - 9894. What is the greatest common divisor of 22436 and j?
79
Suppose -2*z = -2*c + 128, 3*z = -2*c - 198 + 306. Let h(y) = -y**2 + 14*y + 3. Let k be h(15). Let r = k + 36. What is the greatest common divisor of c and r?
12
Suppose f - 2*f + 52 = 4*l, 5*f - 4*l - 212 = 0. Suppose -f*o = -49*o + 600. Calculate the greatest common divisor of o and 15.
15
Suppose 1460 = 7*b + 165. Calculate the highest common factor of b and 10.
5
Let i be (-10 + 12)*((-4241)/(-14) - 21/49). Calculate the highest common factor of i and 1265.
55
Let t(v) = v**2 - 31*v + 136. Let o be t(26). Let x be (-86)/(-2) - (-9 + 7). Calculate the greatest common divisor of x and o.
3
Suppose -5*p + 4*o = -59, 0 = -2*p + 3*p + 4*o - 7. Suppose -p*v - 7*v = -1008. What is the highest common divisor of 56 and v?
56
Suppose 5*y = -m + 58, -3*y - 2*y + m = -52. Suppose -6*r + 3*h - y = -5*r, 3*r = 3*h - 3. What is the highest common divisor of r and 1?
1
Let m be (-2)/8 - (-3129)/84. Let l = 654 - 321. Calculate the highest common factor of l and m.
37
Let z(p) = -3*p - 5. Let v be z(-4). Let x be (6/3)/(2*(-2)/136). Let o = 103 + x. Calculate the greatest common factor of v and o.
7
Let w(z) = z**2 - 66*z + 45. Let a be w(71). What is the highest common divisor of a and 256?
16
Let l be -5*3/((-6)/(-2)). Let v be (6 + l)/((-9)/(-126)). What is the highest common divisor of 63 and v?
7
Let b(x) = -x**3 + x**2 + 77*x - 43. Let i be b(9). Calculate the greatest common factor of 886 and i.
2
Suppose -14 = -2*o + 3*i, 2*o - i = -0*i + 10. Let s(a) = -5*a - 21. Let f be s(-15). Suppose -o*d - f = -70. What is the greatest common factor of d and 4?
4
Let x = -339 - -367. What is the highest common divisor of 8302 and x?
14
Suppose 6 + 22 = 14*t. Suppose -4*a + 1000 + 1252 = t*k, -3358 = -3*k + 4*a. Suppose 0 = 4*v - 15*v + k. Calculate the highest common divisor of v and 68.
34
Let z(a) = a**3 - 3*a**2 + 2*a - 4. Let x be z(4). Suppose 19 = h - 4*q, -4*h + 33*q - 36*q + 152 = 0. Calculate the greatest common divisor of x and h.
5
Let w(i) = 3*i**2 + 2*i - 17. Let m = -62 - -67. Let d be w(m). Let r be (-32)/24 + d/6. What is the greatest common factor of r and 110?
10
Let z be -5 + 6 + 9*((-3490)/(-15))/1. What is the greatest common factor of 12989 and z?
419
Let g(d) = -3*d - 4*d + 9*d + 42. Let r be g(-16). Suppose 147 = 3*o + 27. What is the greatest common divisor of o and r?
10
Suppose 26*f - 21*f - 550 = 0. Suppose 17*y - f = 6*y. Calculate the highest common divisor of y and 55.
5
Let k be 195/117 - 56/(-6). Let x(i) = -i**3 - 22*i**2 - 31*i - 34. Let m be x(-21). What is the greatest common factor of k and m?
11
Let u be 190074/3002 + (-6)/19. What is the highest common divisor of 17031 and u?
21
Suppose 9 = 6*c - 3. Suppose 0 = 4*k + 16, -m - c*k - k + 157 = 0. Suppose -m = -10*q + 1. What is the highest common factor of 34 and q?
17
Let s be (4 + -269)*18/(-90). Calculate the greatest common factor of s and 848.
53
Let i(x) = x**3 - 42*x**2 + 11*x + 24. Let q be i(42). Calculate the highest common factor of q and 918.
54
Let i(a) = -a**3 - 12*a**2 - 13*a + 20. Let c be i(-11). Let p = c + -35. Suppose 40 + 30 = p*u. What is the highest common divisor of 30 and u?
10
Let r = -1196 + 1231. What is the highest common factor of r and 10?
5
Let x be 155/(-4)*(-5 + 1 + 8). Let b = 161 + x. Calculate the greatest common divisor of 32 and b.
2
Suppose -304 = 65*q - 2584 + 70. Calculate the greatest common divisor of q and 18768.
34
Suppose 70*g = 165*g - 172805. Calculate the greatest common factor of 34 and g.
17
Let y(p) be the second derivative of -p**3/6 - p**2 - 93*p. Let b be y(-10). Calculate the highest common factor of b and 4.
4
Let n be -5 + 20/(-25)*1470/(-4). Let g = n - 265. What is the greatest common factor of 192 and g?
24
Suppose 6*p - 215488 = -32*p - 18*p. Calculate the highest common factor of 104 and p.
104
Let w(d) = 1 + 2*d + 20 + 23. Let q be w(-20). Suppose q*c = y - 1, 4 = 4*y + 4*c - 0. What is the greatest common factor of 11 and y?
1
Suppose 0 = -3*m + 13604 + 1910 + 4205. What is the greatest common divisor of 126 and m?
21
Suppose -24*w = -327 - 9. Suppose c = 392 - 14. What is the highest common divisor of c and w?
14
Let j = 15340 - 14867. Calculate the highest common factor of 2107 and j.
43
Suppose 78*f - 59 = 1143 - 32. What is the greatest common divisor of f and 1962?
3
Let w(q) = 2*q + 5. Let z be w(13). Let m be (z/(-3))/(17/(-102)). Let p = 30 - -1. Calculate the highest common divisor of m and p.
31
Let g(z) = 6*z**2 - 139*z - 1193. Let b be g(59). What is the highest common divisor of 272 and b?
68
Let c(g) = -3*g**3 + 22*g**2 + 3*g + 5. Let a be c(7). What is the highest common factor of 3075 and a?
75
Suppose -124*y + 131196 = -8*y. What is the highest common factor of 130 and y?
13
Suppose 0 = -53*w - 123 + 2243. Suppose -480 = a - 5*a. What is the greatest common factor of w and a?
40
Suppose 4*b - 146 - 174 = 0. Let p be 39/(-12) - (-1)/4. Let z be (b/(-50))/(p/15). Calculate the highest common factor of 40 and z.
8
Let m(z) = -5*z + 153. Let x be m(29). Suppose 16 = c - 22. Let n be 1 + -3 + 4 + c. Calculate the highest common factor of n and x.
8
Let d(j) be the third derivative of j**5/60 + 31*j**4/24 + 11*j**3 - j**2. Let s be d(-29). Calculate the highest common divisor of s and 28.
4
Suppose 11*u = 5*u + 66. Suppose -5*c = -41 + u. Suppose 0 = c*q - q - 35. What is the greatest common divisor of 35 and q?
7
Let d(o) = -o**3 + 62*o**2 + 2063*o + 18. Let y be d(-24). Let m(z) = 37*z + 1. Let g be m(3). Calculate the highest common factor of g and y.
14
Let n(h) = h**3 - 6*h**2 + 6*h + 6. Let w be n(5). Suppose 0 = 19*k - 7655 + 1499. Suppose -k = -5*r + 116. What is the highest common divisor of r and w?
11
Let x(g) = -7*g**3 - 19*g**3 - 4*g**2 + 2*g**2 + 11 - 14. Let a be x(-2). Suppose 3*d - 31 - a = 0. What is the greatest common factor of d and 19?
19
Let q(i) = -1025*i + 5141. Let t be q(5). Calculate the highest common divisor of 272 and t.
16
Suppose -181 + 66 = -5*d - 3*q, -3*q - 85 = -5*d. What i